 g(j) = 2*j**3 + 4*j**2 - 6*j - 6. Let w be g(-5). Let b = w - -2384. Is (-6)/21 + b/14 prime?
False
Let y(z) = 945*z**3 - z**2 - 5*z + 9. Is y(2) a prime number?
False
Let w = -7015 - -4652. Let u = -1254 - w. Is u a composite number?
False
Let c = 16181 + 7064. Is c a prime number?
False
Let l(h) = 2*h**3 - 2*h**2 - 2. Let r be l(2). Let m be 10*(0 - 2/(-4)). Suppose -m*f - 13 = -r*f. Is f a composite number?
False
Suppose -5*t = 4*p - 1011, -t = -4*p - 119 - 88. Is t composite?
True
Suppose -2*z - 15 = -5*z. Suppose z*s = -3045 + 14260. Suppose -6*r + 751 = -s. Is r a prime number?
True
Let j = 10 - 8. Let l(d) = -d**2 - 13*d. Let x be l(-11). Suppose -j*z - 3*p - x = -3*z, p + 1 = 0. Is z prime?
True
Let a = 10804 + 8143. Is a a composite number?
False
Suppose 5*g - 13*g + 208 = 0. Suppose -o + 29 = 3*j - 5*o, -4*j - o + g = 0. Is j a composite number?
False
Is -4 + 124/32 - (-238959)/56 a composite number?
True
Let y(v) = v. Let c be y(-12). Let z be (-3)/(-4) + (-39)/c. Suppose -5*g = -k + z*k - 222, -5*k = 3*g - 386. Is k a prime number?
True
Let r(o) = o - 3. Let l be r(3). Suppose l = -3*m + m + 10. Suppose 0*i + 255 = m*i. Is i a composite number?
True
Suppose -2*l - 4 = 4*p, 0*p = 5*l + 2*p + 10. Is 81 + 1/(l/(-4)) composite?
False
Suppose 3*i - 3342 - 3108 = 0. Let b = i - 1084. Let z = 1569 - b. Is z composite?
False
Let j be 2 + 2 + -1 + 40. Let o = 250 + j. Is o prime?
True
Suppose 5*w = -2*n + 7042, 3*w - 14036 = -4*n + 5*w. Is n prime?
True
Let f(u) = -198*u + 1. Let i be -6*((-15)/(-9))/(-5). Let p be i/(2/(4 - 5)). Is f(p) a composite number?
False
Let v(s) = -1598*s + 11. Is v(-6) a composite number?
True
Let x(j) = -20 - j**2 + 9 - j**3 + 11. Let p be x(-2). Suppose b + 3*k = 94, -3*k + 6*k + 391 = p*b. Is b composite?
False
Let q(o) = 200*o**2 - 1. Suppose 4 = -k + 2. Is q(k) a composite number?
True
Let s(x) = -x**3 + 12*x**2 + 25*x + 13. Is s(-14) composite?
False
Suppose r = 105 + 186. Let l = r + -59. Let t = l + -113. Is t prime?
False
Is (1682/116)/((-1)/68*-2) composite?
True
Let u(v) = -v**2 + 17*v + 21. Suppose -5*h = 2*d - h - 8, 5*d - 7 = 3*h. Suppose 8*s - d*s - 90 = 0. Is u(s) prime?
False
Let w(u) = 13934*u - 157. Is w(3) composite?
True
Let a(o) = -14*o**3 + 6*o**2 - 3*o + 14. Let c(p) = -p**3 + p**2 + 13*p - 9. Let w be c(4). Is a(w) a composite number?
True
Let y(q) = -93572*q - 65. Is y(-3) a prime number?
False
Let l be 1/(-3*4/(-36)). Suppose -4*g + 2*g = l*r - 1186, 2*r = 2*g - 1176. Let n = -339 + g. Is n prime?
True
Let l(a) = 34*a**3 - 3*a + 3. Let t be l(1). Let o = -1 - -3. Suppose p - t = -3*b - o*b, 54 = p + b. Is p a prime number?
True
Let h(x) = 352*x**2 + 21*x + 61. Is h(-4) prime?
False
Suppose 11*x - 216 = -25*x. Let h(z) be the second derivative of z**5/20 + 7*z**4/12 + 2*z**3/3 - z**2/2 - z. Is h(x) a prime number?
True
Suppose 33*f = 31*f + 26. Let s(z) = z**2 + 14*z + 28. Is s(f) a composite number?
False
Suppose 5*n + 30724 = 3*d, 3*d + 10242 = 4*d - n. Is d composite?
False
Let n = 12 - 10. Suppose 0 = -4*s - d - 9, -n*d = s - 0*d + 11. Is 20 + s - (-2 - 1) a prime number?
False
Let c(v) = -v + 24. Let p be c(24). Suppose 2*g - 4*i = -p*g + 942, 0 = 4*g + 2*i - 1924. Is g composite?
False
Suppose -5*v = -5*w - 41695, 3*v + v - w - 33344 = 0. Is v composite?
True
Suppose 0 = -3*i - 50 + 44. Let b(p) = 1 - p - p**2 - p**3 + 0*p**2 + 0*p**2. Is b(i) a composite number?
False
Suppose 0 = 11*o - 13*o + 8. Suppose -o*d = 4*i + d - 5789, -25 = -5*d. Is i prime?
False
Let t be 1/((-2)/(2 - 6)). Is t/9 + (-1058)/(-18) a prime number?
True
Let h = 401 - 76. Let v = 542 - h. Is v composite?
True
Suppose 257*h - 24857 = 250*h. Is h composite?
True
Let m = -3032 + 4471. Is m a prime number?
True
Suppose -25*h + 7223 = -89702. Is h composite?
False
Let o(c) = -c**2 + 10*c - 11. Let j be o(8). Let p = j + -5. Suppose 4*m + p*m = 580. Is m composite?
True
Suppose o + 3*o = 44. Let i(z) = -9*z + 4*z - 3 - o. Is i(-17) prime?
True
Let n = -244 + 965. Is n prime?
False
Let q(k) = -111*k**3 - 2*k**2 + 5. Let y(p) = -p**3 - 1. Let w(x) = -q(x) - 4*y(x). Let o be w(1). Let b = o + -7. Is b a prime number?
True
Suppose -3*m + 30415 = i, -2*i + 18*m = 22*m - 60838. Is i a composite number?
False
Let c = -25 + 53. Let t = c + 9. Is t prime?
True
Let f = 8119 + -4424. Is f composite?
True
Let l(x) = -5*x**3 + 6*x**2 - 20*x + 23. Is l(-8) a composite number?
True
Let c = 73 + -74. Is 12/(-6) + 2336 + c composite?
False
Suppose m = -3*s + 118339 - 28396, 0 = m. Is s composite?
True
Let d = -4 - -10. Suppose -h = -d*h. Suppose 0 = -9*k + 4*k + 3*r + 604, -2*k - 5*r + 223 = h. Is k prime?
False
Suppose 25*q - 18*q = 41923. Is q composite?
True
Let k(i) be the third derivative of i**4/6 - 2*i**3/3 + 7*i**2. Let m be k(4). Let a = m + 295. Is a prime?
True
Let m be (-8586)/(-10) + (-2)/10*-2. Suppose -m = 5*k - 11664. Is k composite?
False
Suppose 21 = 5*y - 4. Suppose 5*h + 3629 = 3*c - 1257, -3*h = y*c - 8200. Is c a prime number?
True
Let r = -14361 - -23420. Is r prime?
True
Let g = -30 - -252. Let q = -127 + g. Is q a prime number?
False
Let x(v) = -6*v**2 - 11*v - 31. Let d(h) = -2*h**2 - 4*h - 10. Let g(y) = -7*d(y) + 2*x(y). Let o be g(7). Suppose 9*s = 5*s + o. Is s composite?
False
Let k be -1 + 0 - 20/(-4). Suppose 719 = k*u - 3*j - 332, 2*u = 2*j + 528. Is u a prime number?
False
Let g(o) = -o**2 + 6*o - 2. Let m(a) = a**2 - 6*a + 3. Let v(r) = 4*g(r) + 5*m(r). Is v(-12) a composite number?
False
Let h = 4257 + -1586. Is h a prime number?
True
Suppose u + 2*c = 10451, 52*u - 54*u = 5*c - 20907. Is u prime?
False
Let r = 171742 - 49001. Is r a prime number?
True
Let p(s) = -5*s**2 + 3*s - 2. Let l be p(2). Let r = l + 11. Is (-1)/r + 1628/10 prime?
True
Suppose 4*k = -2*k + 1980. Let h = k - 181. Is h prime?
True
Let x(l) = 3*l**2 + 1. Let n be x(1). Suppose -u = -5*s - 355, -2*s + n*u - 142 = u. Is s/(-2) + 3/(-6) prime?
False
Is (-21916349)/(-289) - 14 - 4/34 composite?
False
Is 28/42*(-3 - 13179/(-2)) composite?
False
Suppose -43*s = -52*s + 18387. Let w = s + -1366. Is w prime?
True
Let g = 26092 + -2673. Is g prime?
False
Suppose 2*t = 7 + 1. Suppose 153 = d - 5*v, -3*d + 215 + 224 = -5*v. Suppose t*y + d - 1309 = -3*c, 3*c = -2*y + 580. Is y a prime number?
True
Let w(v) = -v - v**3 + 2*v - 2*v**3 - 3*v - 2. Is w(-2) prime?
False
Suppose 14*x = 5*x + 8109. Is x a prime number?
False
Let p be (-24 - -21) + 36/2. Let n be (-3)/p - 48/(-15). Suppose z + 5*q = 292, -n*q - 971 = -3*z + q. Is z prime?
True
Suppose -37*l = -39*l + 2494. Is l a prime number?
False
Suppose -20 = 5*c, 5*g - 66*c - 69217 = -63*c. Is g a composite number?
False
Is (8795/(-40)*2)/((-1)/4) composite?
False
Let f = 2034 - 863. Is f composite?
False
Let q be 34/((14/30)/7). Suppose 5 = -b + q. Is b prime?
False
Is (-18342)/(-2 - 1) + (-20)/20 a composite number?
False
Let j(b) = -b**3 + b**2 - b + 826. Let x be j(0). Let m = x + -575. Is m composite?
False
Let l be 220/14 - 18/(-63). Let k = -14 + l. Suppose -5*p + 2*o = -2067, 0 = -0*p - k*p - 3*o + 823. Is p a prime number?
False
Suppose h - 15 = -5*g + 3*g, 0 = -3*h + 2*g + 5. Let n(d) = 6*d - 4 + h - 2 + 0. Is n(2) composite?
False
Let a(z) = -z**3 + 16*z**2 + 1. Let k be a(16). Suppose 21 = 2*y + k. Suppose -2*p = -y*p + 2552. Is p composite?
True
Let p(i) = 285*i - 74. Is p(15) a prime number?
True
Let a = 15019 + 32954. Is a prime?
False
Let w = 103 - 99. Suppose -c = w*c - 635. Is c a prime number?
True
Let q = 86377 + -25088. Is q prime?
False
Let n = -51 - -100. Suppose 0 = 52*r - n*r - 78. Suppose -66 = -4*h + r. Is h a prime number?
True
Let a(b) = -7*b**3 - 13*b**2 - 22*b - 8. Let y(c) = -10*c**3 - 20*c**2 - 33*c - 12. Let l(j) = 7*a(j) - 5*y(j). Is l(-5) a composite number?
True
Is (-4)/(-10 + 6)*1151 composite?
False
Suppose 3*z - 2 = 2*z. Let l(q) = 8*q + 7. Is l(z) prime?
True
Is (525730/228)/((-2)/(-12)) composite?
True
Let t = -24 - -26. Suppose 2*m - 4*m - t = 0. Is 310/(-1)*m + -3 prime?
True
Let q(i) = i**3 - 4*i + 5. Let r be q(2). Is (-1558 - -2)/(3 - r) composite?
True
Suppose -4*f - 8 = -16. Suppose 4*p - f*p = 42. Is p prime?
False
Let c be ((-8)/24)/(1/3). Is (-951)/c - (-7 + 5) prime?
True
Let j = 10 + -16. Is (-70)/(-15)*(-3141)/j a prime number?